{"id":23,"date":"2013-06-11T22:34:45","date_gmt":"2013-06-11T20:34:45","guid":{"rendered":"http:\/\/www.dpsg-andernach.de\/?page_id=23"},"modified":"2013-07-08T18:31:39","modified_gmt":"2013-07-08T16:31:39","slug":"der-stamm","status":"publish","type":"page","link":"https:\/\/www.dpsg-andernach.de\/?page_id=23","title":{"rendered":"Der Stamm"},"content":{"rendered":"<p><img loading=\"lazy\" width=\"1024\" height=\"447\" class=\"size-full wp-image-64\" alt=\"Gruppenfoto des gesamten Stammes und einiger Ehemaliger bei der 20Jahr-Feier 2010\" src=\"http:\/\/www.dpsg-andernach.de\/wp-content\/uploads\/2013\/06\/Stamm_Gruppe.jpg\" srcset=\"https:\/\/www.dpsg-andernach.de\/wp-content\/uploads\/2013\/06\/Stamm_Gruppe.jpg 1024w, https:\/\/www.dpsg-andernach.de\/wp-content\/uploads\/2013\/06\/Stamm_Gruppe-300x130.jpg 300w\" sizes=\"(max-width: 1024px) 100vw, 1024px\" \/> Gruppenfoto des gesamten Stammes und einiger Ehemaliger bei der 20Jahr-Feier 2010<\/p>\n<h2>Allgemeines<\/h2>\n<p>Unser Stamm wurde 1990 in Andernach gegr\u00fcndet. Aktuell sind wir ca. 70 aktive Mitglieder, die von einigen Ehemaligen tatkr\u00e4ftig unterst\u00fctzt werden.<\/p>\n","protected":false},"excerpt":{"rendered":"<p>Gruppenfoto des gesamten Stammes und einiger Ehemaliger bei der 20Jahr-Feier 2010 Allgemeines Unser Stamm wurde 1990 in Andernach gegr\u00fcndet. Aktuell sind wir ca. 70 aktive Mitglieder, die von einigen Ehemaligen tatkr\u00e4ftig unterst\u00fctzt werden.<\/p>\n","protected":false},"author":1,"featured_media":0,"parent":0,"menu_order":3,"comment_status":"closed","ping_status":"closed","template":"","meta":{"sfsi_plus_gutenberg_text_before_share":"","sfsi_plus_gutenberg_show_text_before_share":"","sfsi_plus_gutenberg_icon_type":"","sfsi_plus_gutenberg_icon_alignemt":"","sfsi_plus_gutenburg_max_per_row":""},"_links":{"self":[{"href":"https:\/\/www.dpsg-andernach.de\/index.php?rest_route=\/wp\/v2\/pages\/23"}],"collection":[{"href":"https:\/\/www.dpsg-andernach.de\/index.php?rest_route=\/wp\/v2\/pages"}],"about":[{"href":"https:\/\/www.dpsg-andernach.de\/index.php?rest_route=\/wp\/v2\/types\/page"}],"author":[{"embeddable":true,"href":"https:\/\/www.dpsg-andernach.de\/index.php?rest_route=\/wp\/v2\/users\/1"}],"replies":[{"embeddable":true,"href":"https:\/\/www.dpsg-andernach.de\/index.php?rest_route=%2Fwp%2Fv2%2Fcomments&post=23"}],"version-history":[{"count":1,"href":"https:\/\/www.dpsg-andernach.de\/index.php?rest_route=\/wp\/v2\/pages\/23\/revisions"}],"predecessor-version":[{"id":256,"href":"https:\/\/www.dpsg-andernach.de\/index.php?rest_route=\/wp\/v2\/pages\/23\/revisions\/256"}],"wp:attachment":[{"href":"https:\/\/www.dpsg-andernach.de\/index.php?rest_route=%2Fwp%2Fv2%2Fmedia&parent=23"}],"curies":[{"name":"wp","href":"https:\/\/api.w.org\/{rel}","templated":true}]}}

<p><img loading="lazy" width="1024" height="447" class="size-full wp-image-64" alt="Gruppenfoto des gesamten Stammes und einiger Ehemaliger bei der 20Jahr-Feier 2010" src="http://www.dpsg-andernach.de/wp-content/uploads/2013/06/Stamm_Gruppe.jpg" srcset="https://www.dpsg-andernach.de/wp-content/uploads/2013/06/Stamm_Gruppe.jpg 1024w, https://www.dpsg-andernach.de/wp-content/uploads/2013/06/Stamm_Gruppe-300x130.jpg 300w" sizes="(max-width: 1024px) 100vw, 1024px" /> Gruppenfoto des gesamten Stammes und einiger Ehemaliger bei der 20Jahr-Feier 2010</p>
<h2>Allgemeines</h2>
<p>Unser Stamm wurde 1990 in Andernach gegründet. Aktuell sind wir ca. 70 aktive Mitglieder, die von einigen Ehemaligen tatkräftig unterstützt werden.</p>

<p>Gruppenfoto des gesamten Stammes und einiger Ehemaliger bei der 20Jahr-Feier 2010 Allgemeines Unser Stamm wurde 1990 in Andernach gegründet. Aktuell sind wir ca. 70 aktive Mitglieder, die von einigen Ehemaligen tatkräftig unterstützt werden.</p>
