{"id":36,"date":"2013-06-12T21:15:40","date_gmt":"2013-06-12T19:15:40","guid":{"rendered":"http:\/\/www.dpsg-andernach.de\/?page_id=36"},"modified":"2018-02-25T15:19:47","modified_gmt":"2018-02-25T13:19:47","slug":"pfadfinder-dpsg","status":"publish","type":"page","link":"https:\/\/www.dpsg-andernach.de\/?page_id=36","title":{"rendered":"Pfadfinder &#038; DPSG"},"content":{"rendered":"<h1>Wir sind Pfadfinder<\/h1>\n<p>&#8230;und damit Teil einer weltweiten Organisation, speziell in Deutschland Teil der DPSG, aber dazu mehr unter\u00a0&#8222;Wir sind DPSG&#8220;.<\/p>\n<p>Die Pfadfinderbewegung wurde 1907 von einem Briten namens Sir Robert Baden-Powell gegr\u00fcndet. Ziel der Bewegung ist die F\u00f6rderung der Entwicklung junger Menschen, weshalb sich die Pfadfinder in verschiedene Altersgruppen aufteilen.<\/p>\n<p>Weltweit gibt es mehr als 38 Millionen Pfadfinder aus 216 L\u00e4ndern und Territorien. Diese treffen sich in regelm\u00e4\u00dfigen Gruppenstunden,\u00a0lernen Pfadfindertechniken wie z.B. Knoten und Wegzeichen, organisieren gemeinn\u00fctzige Aktionen und fahren gemeinsam in Zellager.<\/p>\n<p>Schon Robert Baden-Powell lehrte die Pfadfindergrunds\u00e4tze:<br \/>\nAls Pfadfinder \/ als Pfadfinderin &#8230;<br \/>\n&#8230; begegne ich allen Menschen mit Respekt.<br \/>\n&#8230; entwickle ich eine eigene Meinung und stehe f\u00fcr diese ein.<br \/>\n&#8230; gehe ich zuversichtlich und mit wachen Augen durch die Welt.<br \/>\n&#8230; sage ich, was ich denke und tue, was ich sage.<br \/>\n&#8230; bin ich h\u00f6flich und helfe da, wo es notwendig ist.<br \/>\n&#8230; lebe ich einfach und umweltbewusst.<br \/>\n&#8230; mache ich nichts halb und gebe auch in Schwierigkeiten nicht auch.<br \/>\n&#8230; stehe ich zu meiner Herkunft und zu meinem Glauben.<\/p>\n<h1>Wir sind Teil der DPSG<\/h1>\n<p>F\u00fcr unseren Stamm bedeutet das die Gemeinschaft mit ca. 1300 anderen Pfadfinder-St\u00e4mmen in ganz Deutschland, also \u00fcber 95.000 Pfadfinderinnen und Pfadfindern.<br \/>\nDaneben ist die DPSG uns &#8230;<\/p>\n<h3>eine St\u00fctze<\/h3>\n<p>Einerseits gibt die DPSG uns eine Satzung vor, die z.B. allen Mitgliedern Mitspracherechte gew\u00e4hrt. So kann jeder aktiv den Stamm mitgestalten. Die Satzung sichert auch eine verbindliche Ausbildung f\u00fcr alle Leiter, damit p\u00e4dagogische Aspekte in der Pfadfinderarbeit nicht zu kurz kommen.<br \/>\nAndererseits bieten uns die internationale Ausrichtung der DPSG und die bereits erw\u00e4hnte Gemeinschaft &#8230;<\/p>\n<h3>eine Chance<\/h3>\n<p>Vor allem \u00fcberregional bietet die DPSG Aktionen mit Bezirk und Di\u00f6zese, darunter die DPSG-Jahresaktion, dieses Jahr unter dem Motto &#8222;Lebendig. Kraftvoll. Sch\u00e4rfer. Glaubste?&#8220;(<a href=\"https:\/\/dpsg.de\/glaubste.html\">LINK<\/a>). Des weiteren gibt es zahlreiche DPSG- und pfadfindereigene Zeltpl\u00e4tze, allen voran unser Bundeszentrum Westernohe im Westerwald.<br \/>\nDoch es ist auch &#8230;<\/p>\n<h3>ein Auftrag<\/h3>\n<p>Nat\u00fcrlich ist es Auftrag jedes Pfadfinders, die Welt zu verbessern. Dabei spielt der Umgang mit den begrenzten Ressourcen und somit Nachhaltigkeit eine wichtige Rolle in unserem Handeln als Pfadfinder. Es sollen aber auch (Baden-Powell&#8217;sche) Werte vermittelt werden und gerade die DPSG f\u00f6rdert politisches Handeln und au\u00dfer-pfadfinderisches Engagement.<br \/>\nEs geht dabei auch um &#8230;<\/p>\n<h3>eine Verbindung zum Glauben<\/h3>\n<p>Die DPSG ist katholisch. F\u00fcr uns bedeutet das, dass wir jedes Jahr in unserer Pfarrkirche St. Albert einen Pfadfindergottesdienst gestalten, eng mit der Pfarrei zusammenarbeiten und christliche Werte teilen. Dennoch ist die DPSG, sind wir, offen f\u00fcr andere Religionen unde freuen uns in unserem Stamm \u00fcber jedes neue Mitglied.<\/p>\n<p>Alle Informationen \u00fcber die Organisation, Ausrichtung und Aktionen der DPSG sind auf ihrer Website zusammengefasst: <a title=\"DPSG\" href=\"http:\/\/www.dpsg.de\">www.dpsg.de<\/a>.<\/p>\n<h1>Einordnung in den Verband<\/h1>\n<p>Der Stamm St. Michael geh\u00f6rt zum Bezirk Eifel-Ahr in der Di\u00f6zese Trier der DPSG. Weitere Informationen \u00fcber diese regionalen Verb\u00e4nde findet Ihr auf deren Internetauftritten:<\/p>\n<ul>\n<li>DPSG Bezirk Eifel Ahr: <a title=\"Bezirk Eifel-Ahr\" href=\"http:\/\/www.dpsg-eifel-ahr.de\/\">www.dpsg-eifel-ahr.de<\/a><\/li>\n<li>DPSG Di\u00f6zese Trier: <a title=\"Di\u00f6zese Trier\" href=\"http:\/\/www.dpsg-trier.de\/\">www.dpsg-trier.de<\/a><\/li>\n<\/ul>\n","protected":false},"excerpt":{"rendered":"<p>Wir sind Pfadfinder &#8230;und damit Teil einer weltweiten Organisation, speziell in Deutschland Teil der DPSG, aber dazu mehr unter\u00a0&#8222;Wir sind DPSG&#8220;. Die Pfadfinderbewegung wurde 1907 von einem Briten namens Sir Robert Baden-Powell gegr\u00fcndet. Ziel der Bewegung ist die F\u00f6rderung der Entwicklung junger Menschen, weshalb sich die Pfadfinder in verschiedene Altersgruppen aufteilen. Weltweit gibt es mehr [&hellip;]<\/p>\n","protected":false},"author":1,"featured_media":0,"parent":23,"menu_order":1,"comment_status":"closed","ping_status":"closed","template":"","meta":{"sfsi_plus_gutenberg_text_before_share":"","sfsi_plus_gutenberg_show_text_before_share":"","sfsi_plus_gutenberg_icon_type":"","sfsi_plus_gutenberg_icon_alignemt":"","sfsi_plus_gutenburg_max_per_row":""},"_links":{"self":[{"href":"https:\/\/www.dpsg-andernach.de\/index.php?rest_route=\/wp\/v2\/pages\/36"}],"collection":[{"href":"https:\/\/www.dpsg-andernach.de\/index.php?rest_route=\/wp\/v2\/pages"}],"about":[{"href":"https:\/\/www.dpsg-andernach.de\/index.php?rest_route=\/wp\/v2\/types\/page"}],"author":[{"embeddable":true,"href":"https:\/\/www.dpsg-andernach.de\/index.php?rest_route=\/wp\/v2\/users\/1"}],"replies":[{"embeddable":true,"href":"https:\/\/www.dpsg-andernach.de\/index.php?rest_route=%2Fwp%2Fv2%2Fcomments&post=36"}],"version-history":[{"count":4,"href":"https:\/\/www.dpsg-andernach.de\/index.php?rest_route=\/wp\/v2\/pages\/36\/revisions"}],"predecessor-version":[{"id":593,"href":"https:\/\/www.dpsg-andernach.de\/index.php?rest_route=\/wp\/v2\/pages\/36\/revisions\/593"}],"up":[{"embeddable":true,"href":"https:\/\/www.dpsg-andernach.de\/index.php?rest_route=\/wp\/v2\/pages\/23"}],"wp:attachment":[{"href":"https:\/\/www.dpsg-andernach.de\/index.php?rest_route=%2Fwp%2Fv2%2Fmedia&parent=36"}],"curies":[{"name":"wp","href":"https:\/\/api.w.org\/{rel}","templated":true}]}}

<h1>Wir sind Pfadfinder</h1>
<p>&#8230;und damit Teil einer weltweiten Organisation, speziell in Deutschland Teil der DPSG, aber dazu mehr unter &#8222;Wir sind DPSG&#8220;.</p>
<p>Die Pfadfinderbewegung wurde 1907 von einem Briten namens Sir Robert Baden-Powell gegründet. Ziel der Bewegung ist die Förderung der Entwicklung junger Menschen, weshalb sich die Pfadfinder in verschiedene Altersgruppen aufteilen.</p>
<p>Weltweit gibt es mehr als 38 Millionen Pfadfinder aus 216 Ländern und Territorien. Diese treffen sich in regelmäßigen Gruppenstunden, lernen Pfadfindertechniken wie z.B. Knoten und Wegzeichen, organisieren gemeinnützige Aktionen und fahren gemeinsam in Zellager.</p>
<p>Schon Robert Baden-Powell lehrte die Pfadfindergrundsätze:<br />
Als Pfadfinder / als Pfadfinderin &#8230;<br />
&#8230; begegne ich allen Menschen mit Respekt.<br />
&#8230; entwickle ich eine eigene Meinung und stehe für diese ein.<br />
&#8230; gehe ich zuversichtlich und mit wachen Augen durch die Welt.<br />
&#8230; sage ich, was ich denke und tue, was ich sage.<br />
&#8230; bin ich höflich und helfe da, wo es notwendig ist.<br />
&#8230; lebe ich einfach und umweltbewusst.<br />
&#8230; mache ich nichts halb und gebe auch in Schwierigkeiten nicht auch.<br />
&#8230; stehe ich zu meiner Herkunft und zu meinem Glauben.</p>
<h1>Wir sind Teil der DPSG</h1>
<p>Für unseren Stamm bedeutet das die Gemeinschaft mit ca. 1300 anderen Pfadfinder-Stämmen in ganz Deutschland, also über 95.000 Pfadfinderinnen und Pfadfindern.<br />
Daneben ist die DPSG uns &#8230;</p>
<h3>eine Stütze</h3>
<p>Einerseits gibt die DPSG uns eine Satzung vor, die z.B. allen Mitgliedern Mitspracherechte gewährt. So kann jeder aktiv den Stamm mitgestalten. Die Satzung sichert auch eine verbindliche Ausbildung für alle Leiter, damit pädagogische Aspekte in der Pfadfinderarbeit nicht zu kurz kommen.<br />
Andererseits bieten uns die internationale Ausrichtung der DPSG und die bereits erwähnte Gemeinschaft &#8230;</p>
<h3>eine Chance</h3>
<p>Vor allem überregional bietet die DPSG Aktionen mit Bezirk und Diözese, darunter die DPSG-Jahresaktion, dieses Jahr unter dem Motto &#8222;Lebendig. Kraftvoll. Schärfer. Glaubste?&#8220;(<a href="https://dpsg.de/glaubste.html">LINK</a>). Des weiteren gibt es zahlreiche DPSG- und pfadfindereigene Zeltplätze, allen voran unser Bundeszentrum Westernohe im Westerwald.<br />
Doch es ist auch &#8230;</p>
<h3>ein Auftrag</h3>
<p>Natürlich ist es Auftrag jedes Pfadfinders, die Welt zu verbessern. Dabei spielt der Umgang mit den begrenzten Ressourcen und somit Nachhaltigkeit eine wichtige Rolle in unserem Handeln als Pfadfinder. Es sollen aber auch (Baden-Powell&#8217;sche) Werte vermittelt werden und gerade die DPSG fördert politisches Handeln und außer-pfadfinderisches Engagement.<br />
Es geht dabei auch um &#8230;</p>
<h3>eine Verbindung zum Glauben</h3>
<p>Die DPSG ist katholisch. Für uns bedeutet das, dass wir jedes Jahr in unserer Pfarrkirche St. Albert einen Pfadfindergottesdienst gestalten, eng mit der Pfarrei zusammenarbeiten und christliche Werte teilen. Dennoch ist die DPSG, sind wir, offen für andere Religionen unde freuen uns in unserem Stamm über jedes neue Mitglied.</p>
<p>Alle Informationen über die Organisation, Ausrichtung und Aktionen der DPSG sind auf ihrer Website zusammengefasst: <a title="DPSG" href="http://www.dpsg.de">www.dpsg.de</a>.</p>
<h1>Einordnung in den Verband</h1>
<p>Der Stamm St. Michael gehört zum Bezirk Eifel-Ahr in der Diözese Trier der DPSG. Weitere Informationen über diese regionalen Verbände findet Ihr auf deren Internetauftritten:</p>
<ul>
<li>DPSG Bezirk Eifel Ahr: <a title="Bezirk Eifel-Ahr" href="http://www.dpsg-eifel-ahr.de/">www.dpsg-eifel-ahr.de</a></li>
<li>DPSG Diözese Trier: <a title="Diözese Trier" href="http://www.dpsg-trier.de/">www.dpsg-trier.de</a></li>
</ul>

<p>Wir sind Pfadfinder &#8230;und damit Teil einer weltweiten Organisation, speziell in Deutschland Teil der DPSG, aber dazu mehr unter &#8222;Wir sind DPSG&#8220;. Die Pfadfinderbewegung wurde 1907 von einem Briten namens Sir Robert Baden-Powell gegründet. Ziel der Bewegung ist die Förderung der Entwicklung junger Menschen, weshalb sich die Pfadfinder in verschiedene Altersgruppen aufteilen. Weltweit gibt es mehr [&hellip;]</p>
